pose -4*t + 288 = -37*t - 39*t. Let z(m) = -5*m**2 + m + 2. Let w = -10 - -1. Let q(a) = -11*a**2 + 2*a + 5. Let g(j) = w*z(j) + 4*q(j). Calculate g(t).
22
Let i be (57/12 + -4)*20. Let q be 1/((-12)/i - -1). Let f(z) = z + 45 - 92 + 44 + z. Determine f(q).
7
Let h(j) = 1. Let u(v) = 6*v - 13. Let c(l) = -6*h(l) - u(l). Suppose 0 = -276*z + 288*z - 72. What is c(z)?
-29
Let d(a) = 87*a - 26. Let r(y) = -75*y + 22. Let b(j) = 2*d(j) + 3*r(j). Give b(3).
-139
Let i(d) = 9*d - 13. Suppose 5*s - 5*m = -5, -4*s - 3*m - 1 = -6*m. Let h(j) = j - 1. Let g(b) = s*i(b) - 22*h(b). Let r be 1/(-2*21/126). What is g(r)?
8
Let j(i) = -22*i**2 + 1 + 24*i**2 - 6*i**2. Let r be (-9)/(-4)*(-88)/66. Give j(r).
-35
Let d(x) = x**3 - 4*x**2 - 4*x + 2. Let k = -570 + 579. Suppose -k*y + 127 - 82 = 0. Give d(y).
7
Let v(q) be the third derivative of -1/3*q**3 - 2 + 0*q + 1/60*q**5 + 7/24*q**4 + 19*q**2. Give v(-8).
6
Let p(k) be the second derivative of k**3/6 + 14*k**2 - 1165*k. Determine p(-5).
23
Let j(u) = -2*u - 10. Let k be 120/18*423/(-6). Let b = k - -458. What is j(b)?
14
Let b(p) be the second derivative of -p**3 - 28*p**2 - 787*p. Determine b(-6).
-20
Let u(d) = 2*d - 2*d - 34 + d + d**2 + 81 - 37. Suppose 4*q = l - 18, -2*l = q + 2*q - 3. Let k = l + -6. Determine u(k).
10
Let p(h) = -h**3 - 8*h**2 - 7*h - 20. Let d(r) = -r**3 + r**2 - r + 7. Let a be d(2). Let q(u) = -2. Let x(i) = a*p(i) - 6*q(i). What is x(-7)?
-8
Let l = -29 + 58. Let v be 61 + -4 + 0 + 4. Let n(b) = -v*b + 5 + 31*b + l*b. Calculate n(9).
-4
Let x(f) = -1 + 3 - f**2 + 1042*f - 5 - 1041*f. Calculate x(-5).
-33
Let p(d) be the second derivative of 13*d**3/6 + d**2/2 + 127*d + 2. Suppose 4*l - 5 = 11. Suppose 0*m - 4 = l*m. What is p(m)?
-12
Let m(w) = w**3 - 3*w**2 - 16*w + 6. Suppose 2*h + 11 = -60*f + 55*f, 5*h - 3*f + 12 = 0. What is m(h)?
0
Let n be (-6)/288*-6 - (-63)/8. Let l(b) = 2*b - 4 - 2 + 2 + 2. Let x(j) = -3*j + 5. Let i(d) = -5*l(d) - 3*x(d). Determine i(n).
-13
Let a be 25 - (-1 - 3 - (13 + -20)). Let i = -21 + a. Let w(t) = 3*t**3 - t**2 + t - 1. Calculate w(i).
2
Let k be 11*(-10)/(-110)*(-1 + -9 + 3). Let s(t) = -3*t - 57. Determine s(k).
-36
Let j(m) = -1339 - 1340 + 19*m + 2722 + 2*m - 2*m**2 + 3*m**2. What is j(-19)?
5
Let r(i) = 6*i**2 - 2*i - 2. Let a be r(-1). Let n(w) = -4593*w + 4590*w - 122*w**2 - 3 + 123*w**2. What is n(a)?
15
Let l(x) = -x**3 - 3*x**2 - 2*x + 5. Suppose 0 = -4*q - 21*n + 16*n - 16, -2*n + 4 = -q. Calculate l(q).
29
Let v(u) = u**3 + 7*u**2 + 6*u - 6. Suppose 5*z - 2*z - 3*g + 207 = 0, 2*g + 69 = -z. Let o = -65 - z. Let w be 15/2*(o - (-28)/(-6)). Determine v(w).
14
Let z(r) = r**3 + 7*r**2 - 16. Suppose t = 11*t - 160 + 220. Give z(t).
20
Let d(h) = -45*h**3 + 7*h**2 + 6*h - 4. Let p(l) = -79*l**3 + 13*l**2 + 11*l - 7. Let a(y) = -7*d(y) + 4*p(y). What is a(3)?
6
Let k(u) = 2*u - u**3 - 18 + 34 - 19*u**2 + 16. Suppose -252*q + 190 = -262*q. Let h be k(q). Let n(y) = -y**2 - 5*y + 4. What is n(h)?
-2
Let z(k) = -k + 1. Suppose 0 = -0*o + 3*o - 27. Let v = -7 + o. Let t(p) = 3*p - 2. Let f(b) = v*t(b) + 5*z(b). What is f(5)?
6
Let m = -197 - -200. Let h(b) = 12 + 2*b**m - 10*b**3 + 8*b**3 - 7*b**2 + b**3 - 10*b. Calculate h(8).
-4
Let l(f) = -4*f + 5. Let n(z) = -z**3 - 5*z**2 + 12*z + 2. Let b be n(2). Let g be 13 + -6*b/(-3). What is l(g)?
-31
Let f(b) = -8*b**2 + 48*b + 4. Let y be f(6). Let n(o) = o**3 + 6*o**2 - 2*o + 9. Let q(g) = g + 1. Let h(u) = y*q(u) - n(u). What is h(-7)?
2
Let o(p) = p**2. Let j(w) = w**2 + w. Let g(k) = 3*j(k) - 4*o(k). Let c = 175 - 173. Suppose -c = -2*m, m - 2*m = v - 5. What is g(v)?
-4
Let k(w) = 14*w**3 + 20*w + 13. Let h(l) = 5*l**3 - 3*l**2 - 1. Let u(p) = 3*h(p) - k(p). Determine u(11).
6
Let s = 4089 - 4084. Let u(q) be the third derivative of q**4/6 + q**3/3 - 3*q**2. Calculate u(s).
22
Let b(a) be the first derivative of 5*a**2/2 + 2*a - 1. Suppose -2 = 2*r, y + 4*r = 99 + 9. Let j = y - 114. Calculate b(j).
-8
Let q(s) = -2*s**2 + 5*s + 1 + s**2 - 4*s. Suppose -52 = -36*h - 16. Let x(r) = -6*r**2 + 9*r + 7. Let v(a) = h*x(a) - 5*q(a). Give v(6).
-10
Let p(l) = l**3 - 14*l**2 + 13*l - 22. Let x be 780/(-585) - 43/(-3). Give p(x).
-22
Let y(z) = 20*z - 373. Let b(f) = -9*f + 125. Let i(w) = 17*b(w) + 6*y(w). What is i(-4)?
19
Let g = 2529 - 2527. Let q(b) be the second derivative of b**g + b - 1/12*b**4 + 0*b**3 + 0. Determine q(2).
-2
Let l(r) = r**2 - r + 1. Let p(x) = 5*x**2 - 5*x + 9. Let j(f) = 6*l(f) - p(f). Let s(b) = -2*b**3 - 145*b**2 - 24*b + 3459. Let h be s(-72). Calculate j(h).
3
Let m(c) = -3*c - 7. Let s = -97 - -103. Let u be (-10)/(-15) + (-4)/6. Suppose u = 3*x - l + 13, s*l = -x + l - 31. Give m(x).
11
Let j be (102/(-8))/(6/(-80)). Suppose 3*a - 76 = 2*y + j, 0 = -4*a - y + 317. Let m be a/(-14) - 28/98. Let t(i) = -i**2 - 7*i - 3. Determine t(m).
3
Let a(s) = -11*s - 65. Suppose -j + 11*t - 7*t - 5 = 0, -5*j = 4*t + 25. Let d be a(j). Let l(q) = -q**3 - 9*q**2 + 8*q - 14. Determine l(d).
6
Let g(k) = 2*k**3 - 3*k**3 + 65419 - 65412 - 2*k**2 + 0*k**2 - 2*k**2 + 33*k. What is g(-8)?
-1
Suppose 3*h = -4*c + 27, h = 3*h - 4*c + 2. Let q(u) = u**3 - 5*u**2 + 2*u - 5. Give q(h).
5
Suppose -t + 2*k + 14 = 0, 15 = 2*t - 3*k - 18. Suppose 2*c - 14 = -3*g, 5*c = -5*g + 1 + t. Let a(h) = h**2 - 2*h + 2. Give a(g).
10
Suppose 208*q + 66 = 214*q. Let g be (2156/21)/q*6/8. Let h(m) = -3*m + 7. What is h(g)?
-14
Let s(a) be the second derivative of -a**5/20 - 7*a**4/6 + 5*a**3/2 + 23*a**2/2 + 2304*a. What is s(-15)?
23
Let b(w) = 2 - 3*w**2 - 4*w + w**2 - 3*w**2 + 0*w + w**2. Determine b(-2).
-6
Let j = -464/25 + 953/50. Let z(t) be the second derivative of 0 - 1/2*t**3 - j*t**2 + 24*t. Calculate z(3).
-10
Suppose -4*v = -64 + 16. Suppose r = -9 + v. Let y(z) = -3*z + 6 + 2 + 3*z + r*z. Give y(-6).
-10
Let o(g) = g**2 + g**3 - 2*g**3 - 6*g**2. Let q be ((3621/6)/((-22)/(-44)))/(-1). Let k = 1202 + q. Calculate o(k).
0
Let y(k) = 21 + 444*k + 29 + 472*k - 930*k. What is y(4)?
-6
Suppose 0 = 4*o - 3*z - 4, 3*z + 31 = -4*o + 11. Let c(b) = -7*b**2 - 7*b. Give c(o).
-14
Let i be 2/15 + (2816/120)/(-11). Let l(t) = 4*t**3 - 11*t**2 - 12*t + 13. Let n(a) = -a**3 + 4*a**2 + 4*a - 4. Let u(o) = i*l(o) - 7*n(o). Calculate u(-6).
26
Suppose 2*d - 108 = -80. Suppose 2*h + 3*s - 4*s = d, -s + 22 = 4*h. Let q(u) = -u**3 + 7*u**2 - 6*u. Determine q(h).
0
Let c be (3/(-4))/(2*6/(-48)). Let w(u) = -1 + 3*u - c - u**2 - 8*u - 1. Let p(i) = i**2 - 6*i + 4. Let d be p(3). Calculate w(d).
-5
Let l(m) be the second derivative of -m**4/12 + 7*m**2/2 - 8*m. Let r(d) = 3*d - 9. Let v be r(3). Suppose 3*w - 7 - 8 = v. What is l(w)?
-18
Let j(h) = 18*h - 3*h - 1 + 10*h + h. Let q = 18 + -17. Determine j(q).
25
Suppose 3*d = -h + 19, -4*d = 2*h + 7 - 35. Let j = 174 - 12. Let f(g) = 331*g - 168*g - 1 - j*g. What is f(d)?
4
Let a(r) = 72*r + 544. Let c(t) = -t - 14. Let y(l) = a(l) + 40*c(l). Give y(-4).
-144
Let n = -414 - -420. Let z(u) be the first derivative of u**4/4 - 5*u**3/3 - 5*u**2/2 + 10. What is z(n)?
6
Let f(c) be the third derivative of -1/24*c**4 + 251*c**2 + 0*c + 0 + 1/2*c**3. Give f(-4).
7
Let w(d) = -3*d - 10. Let k be 1*(0 + -2)*(-4)/(-1). Let q be k/(16/14)*-1. Give w(q).
-31
Let u(f) = 2*f + 6. Let l = -8109 - -8112. Calculate u(l).
12
Suppose 3*d - 5*n - 8 = 0, 4*d - 5*n = -3*n + 20. Let s(q) = -7*q**2 + 15*q + 7. Let o(b) = -b**2 + b + 1. Let m(h) = -6*o(h) + s(h). Calculate m(d).
19
Let o(z) = 7*z - 128. Let t be o(18). Let u be t/(-6) + 247/(-57). Let l(j) = -j**2 - 2*j - 1. Give l(u).
-9
Let g(z) = -3*z - 1. Let w(b) = b**3 - 4*b**2 + 6*b + 3. Let h(n) = -n - 1. Let c(l) = -6*h(l) - w(l). Let i be c(4). Give g(i).
-10
Suppose 32*x = -358 - 5370. Let q = x + 180. Let n(t) = -t**3 + 3*t - 2. What is n(q)?
0
Let m be 0 + (0 - 2) + 4. Let u(k) = -k + 4 + k**3 + 33*k**2 - 66*k**2 + 34*k**m. Suppose 0 = -3*w + 2*v - 11, 5*w - 2*v + 19 = 2*v. What is u(w)?
-11
Let a(x) = x**3 - 13*x**2 + 11*x + 23. Let o = -8381 + 8393. What is a(o)?
11
Let y(f) be the third derivative of -7*f**4/24 - 11*f**3/2 + 34*f**2 - 14*f. Give y(-8).
23
Let p(o) = -45 - 204720*o + 37 + 204722*o. Let d be 28/6 + (-4)/6. Determine p(d).
0
Suppose -327 = 3*g + w, -5*w + 315 = -5*g - 230. Let b = g + 112. Suppose -b*k = -4*q - 